.
1524
Calculate the remainder when 3548 is divided by 114.
14
What is the remainder when 429582 is divided by 12271?
97
What is the remainder when 5543258 is divided by 10?
8
Calculate the remainder when 1096464 is divided by 9052.
1172
What is the remainder when 349338 is divided by 138?
60
What is the remainder when 90677 is divided by 3246?
3035
Calculate the remainder when 30185285 is divided by 1839.
1778
What is the remainder when 615132 is divided by 2771?
2741
What is the remainder when 290778 is divided by 22179?
2451
Calculate the remainder when 176914617 is divided by 2830.
2827
What is the remainder when 940285 is divided by 10564?
89
What is the remainder when 90026514 is divided by 2580?
2574
Calculate the remainder when 8908423 is divided by 210.
13
What is the remainder when 182067 is divided by 16482?
765
Calculate the remainder when 8609166 is divided by 260881.
93
Calculate the remainder when 2897542 is divided by 20.
2
Calculate the remainder when 1441512 is divided by 89.
68
What is the remainder when 41828 is divided by 5896?
556
Calculate the remainder when 701852 is divided by 1342.
1328
What is the remainder when 8345117 is divided by 6056?
6005
What is the remainder when 115817 is divided by 1091?
171
What is the remainder when 679667157 is divided by 38?
31
Calculate the remainder when 594528 is divided by 3664.
960
Calculate the remainder when 12898318 is divided by 60.
58
What is the remainder when 71847450 is divided by 2097?
36
What is the remainder when 336728 is divided by 55813?
1850
Calculate the remainder when 246500 is divided by 410.
90
What is the remainder when 826827 is divided by 826?
1
Calculate the remainder when 14596036 is divided by 442304.
4
Calculate the remainder when 44544716 is divided by 2256.
2252
What is the remainder when 1430992 is divided by 72?
64
Calculate the remainder when 23734353 is divided by 4.
1
What is the remainder when 3537266 is divided by 30?
26
Calculate the remainder when 7357290 is divided by 1839321.
6
What is the remainder when 21365 is divided by 13591?
7774
What is the remainder when 3296626 is divided by 98?
4
What is the remainder when 26705144 is divided by 71788?
8
What is the remainder when 96708 is divided by 271?
232
What is the remainder when 9201741 is divided by 80717?
3
What is the remainder when 16520 is divided by 4111?
76
Calculate the remainder when 4750936 is divided by 726.
718
Calculate the remainder when 5374167 is divided by 1343530.
47
What is the remainder when 1854096 is divided by 34?
8
What is the remainder when 5073140 is divided by 930?
920
What is the remainder when 173763 is divided by 479?
365
What is the remainder when 298246 is divided by 8395?
4421
What is the remainder when 705801 is divided by 140819?
1706
What is the remainder when 1360592 is divided by 116?
28
Calculate the remainder when 403346 is divided by 100608.
914
Calculate the remainder when 6026569 is divided by 30.
19
Calculate the remainder when 1069269 is divided by 3438.
51
What is the remainder when 410549 is divided by 136227?
1868
Calculate the remainder when 59091 is divided by 48212.
10879
What is the remainder when 10124133 is divided by 27?
24
Calculate the remainder when 734138884 is divided by 754.
752
What is the remainder when 2406415 is divided by 601593?
43
Calculate the remainder when 46558621 is divided by 11639654.
5
Calculate the remainder when 6396579 is divided by 376269.
6
What is the remainder when 32825 is divided by 11425?
9975
Calculate the remainder when 27384 is divided by 2588.
1504
What is the remainder when 205149912 is divided by 3915?
3912
Calculate the remainder when 5458472 is divided by 57.
38
What is the remainder when 2338216 is divided by 21065?
1
Calculate the remainder when 2341354 is divided by 895.
34
Calculate the remainder when 23453135 is divided by 12.
11
Calculate the remainder when 5857341 is divided by 2265.
51
What is the remainder when 3598503 is divided by 31289?
268
What is the remainder when 39912128 is divided by 293?
254
Calculate the remainder when 7465204 is divided by 22.
10
Calculate the remainder when 1089155 is divided by 544499.
157
What is the remainder when 377003371 is divided by 1173?
1171
What is the remainder when 663100 is divided by 5178?
316
Calculate the remainder when 772801 is divided by 3525.
826
What is the remainder when 112884342 is divided by 3?
0
Calculate the remainder when 4978467 is divided by 134553.
6
Calculate the remainder when 21689273 is divided by 576.
569
Calculate the remainder when 21893 is divided by 7289.
26
Calculate the remainder when 426590 is divided by 335.
135
Calculate the remainder when 344980 is divided by 35.
20
What is the remainder when 2935234262 is divided by 1285?
1282
Calculate the remainder when 944822 is divided by 641.
629
Calculate the remainder when 718401 is divided by 56.
33
What is the remainder when 14831079 is divided by 193?
187
Calculate the remainder when 3336673 is divided by 305.
278
What is the remainder when 70591 is divided by 65425?
5166
What is the remainder when 3735 is divided by 130?
95
What is the remainder when 500970 is divided by 392?
386
What is the remainder when 14770663 is divided by 80714?
1
What is the remainder when 10950541 is divided by 325?
316
Calculate the remainder when 233690 is divided by 15390.
2840
What is the remainder when 13552 is divided by 2647?
317
Calculate the remainder when 1356946 is divided by 6341.
6313
Calculate the remainder when 76779 is divided by 1089.
549
Calculate the remainder when 272643238 is divided by 293.
292
What is the remainder when 29531944 is divided by 73?
13
What is the remainder when 21738 is divided by 2006?
1678
What is the remainder when 2845 is divided by 1442?
1403
What is the remainder when 110511 is divided by 342?
45
What is the remainder when 3627762 is divided by 318?
18
Calculate the remainder when 395244 is divided by 769.
747
Calculate the remainder when 232680128 is divided by 179.
176
What is the remainder when 81884 is divided by 3065?
2194
Calculate the remainder when 113827 is divided by 56769.
289
What is the remainder when 73738 is divided by 6490?
2348
Calculate the remainder when 3460188 is divided by 692028.
48
Calculate the remainder when 34270 is divided by 534.
94
What is the remainder when 14376510 is divided by 28?
22
Calculate the remainder when 6645964 is divided by 305.
14
Calculate the remainder when 187916 is divided by 338.
326
What is the remainder when 2214590 is divided by 553643?
18
What is the remainder when 5622114 is divided by 216234?
30
What is the remainder when 3273057 is divided by 35?
32
Calculate the remainder when 70804 is divided by 223.
113
Calculate the remainder when 33493544 is divided by 1450.
1444
What is the remainder when 9563428 is divided by 948?
4
Calculate the remainder when 102703 is divided by 12832.
47
Calculate the remainder when 6123801 is divided by 33.
24
Calculate the remainder when 11617187 is divided by 186.
185
Calculate the remainder when 1948818 is divided by 60.
18
What is the remainder when 87443 is divided by 7580?
4063
What is the remainder when 21142758 is divided by 630?
588
Calculate the remainder when 5372455 is divided by 5372450.
5
Calculate the remainder when 1386599 is divided by 126006.
533
Calculate the remainder when 542000 is divided by 5418.
200
What is the remainder when 82544 is divided by 753?
467
What is the remainder when 1479616 is divided by 55?
6
What is the remainder when 20008 is divided by 4954?
192
Calculate the remainder when 3278863967 is divided by 419.
417
What is the remainder when 152443 is divided by 152419?
24
What is the remainder when 26082752 is divided by 250?
2
What is the remainder when 14625 is divided by 103?
102
What is the remainder when 195998 is divided by 182?
166
What is the remainder when 15594006 is divided by 5?
1
Calculate the remainder when 54036 is divided by 2698.
76
What is the remainder when 6772312 is divided by 3386140?
32
Calculate the remainder when 6321685 is divided by 67975.
10
What is the remainder when 44826 is divided by 374?
320
Calculate the remainder when 211739 is divided by 141.
98
Calculate the remainder when 8412744 is divided 